{"id":364,"date":"2024-11-15T15:18:30","date_gmt":"2024-11-15T14:18:30","guid":{"rendered":"https:\/\/chevratte-etc.be\/?page_id=364"},"modified":"2024-11-29T17:11:45","modified_gmt":"2024-11-29T16:11:45","slug":"les-cooperateurs","status":"publish","type":"page","link":"https:\/\/chevratte-etc.be\/index.php\/les-cooperateurs\/","title":{"rendered":"Les coop\u00e9rateur\u2219rices"},"content":{"rendered":"<style>.wp-block-kadence-spacer.kt-block-spacer-364_e6d844-eb .kt-block-spacer{height:100px;}.wp-block-kadence-spacer.kt-block-spacer-364_e6d844-eb .kt-divider{border-top-width:1px;height:1px;border-top-color:#eee;width:80%;border-top-style:solid;}<\/style>\n<div class=\"wp-block-kadence-spacer aligncenter kt-block-spacer-364_e6d844-eb\"><div class=\"kt-block-spacer kt-block-spacer-halign-center\"><hr class=\"kt-divider\"\/><\/div><\/div>\n\n\n\n<div class=\"wp-block-cover alignfull is-light\" style=\"min-height:275px;aspect-ratio:unset;\"><span aria-hidden=\"true\" class=\"wp-block-cover__background has-background-dim\" style=\"background-color:#9d7c57\"><\/span><img loading=\"lazy\" decoding=\"async\" width=\"1800\" height=\"481\" class=\"wp-block-cover__image-background wp-image-581\" alt=\"\" src=\"https:\/\/chevratte-etc.be\/wp-content\/uploads\/2024\/11\/banniereQSN.jpg\" data-object-fit=\"cover\" srcset=\"https:\/\/chevratte-etc.be\/wp-content\/uploads\/2024\/11\/banniereQSN.jpg 1800w, https:\/\/chevratte-etc.be\/wp-content\/uploads\/2024\/11\/banniereQSN-300x80.jpg 300w, https:\/\/chevratte-etc.be\/wp-content\/uploads\/2024\/11\/banniereQSN-1024x274.jpg 1024w, https:\/\/chevratte-etc.be\/wp-content\/uploads\/2024\/11\/banniereQSN-768x205.jpg 768w, https:\/\/chevratte-etc.be\/wp-content\/uploads\/2024\/11\/banniereQSN-1536x410.jpg 1536w\" sizes=\"auto, (max-width: 1800px) 100vw, 1800px\" \/><div class=\"wp-block-cover__inner-container is-layout-constrained wp-block-cover-is-layout-constrained\">\n<p class=\"has-text-align-center has-theme-palette-9-color has-text-color has-link-color has-large-font-size wp-elements-e7544792191795b73159471a08b2b286\">Les coop\u00e9rateur-rices<\/p>\n<\/div><\/div>\n\n\n<style>.wp-block-kadence-spacer.kt-block-spacer-364_5086a1-d2 .kt-block-spacer{height:50px;}.wp-block-kadence-spacer.kt-block-spacer-364_5086a1-d2 .kt-divider{border-top-width:1px;height:1px;border-top-color:#eee;width:80%;border-top-style:solid;}<\/style>\n<div class=\"wp-block-kadence-spacer aligncenter kt-block-spacer-364_5086a1-d2\"><div class=\"kt-block-spacer kt-block-spacer-halign-center\"><hr class=\"kt-divider\"\/><\/div><\/div>\n\n\n<style>.wp-block-kadence-advancedheading.kt-adv-heading364_8a1dbc-59, .wp-block-kadence-advancedheading.kt-adv-heading364_8a1dbc-59[data-kb-block=\"kb-adv-heading364_8a1dbc-59\"]{font-style:normal;}.wp-block-kadence-advancedheading.kt-adv-heading364_8a1dbc-59 mark.kt-highlight, .wp-block-kadence-advancedheading.kt-adv-heading364_8a1dbc-59[data-kb-block=\"kb-adv-heading364_8a1dbc-59\"] mark.kt-highlight{font-style:normal;color:#f76a0c;-webkit-box-decoration-break:clone;box-decoration-break:clone;padding-top:0px;padding-right:0px;padding-bottom:0px;padding-left:0px;}.wp-block-kadence-advancedheading.kt-adv-heading364_8a1dbc-59 img.kb-inline-image, .wp-block-kadence-advancedheading.kt-adv-heading364_8a1dbc-59[data-kb-block=\"kb-adv-heading364_8a1dbc-59\"] img.kb-inline-image{width:150px;vertical-align:baseline;}<\/style>\n<p class=\"kt-adv-heading364_8a1dbc-59 wp-block-kadence-advancedheading\" data-kb-block=\"kb-adv-heading364_8a1dbc-59\">Chevratte etc. est ouverte \u00e0 toute personne ou toute association qui adh\u00e8re aux finalit\u00e9s et aux valeurs de la coop\u00e9rative.&nbsp;<br><br>Les personnes qui participent \u00e0 Chevratte etc. pensent qu\u2019en conjuguant les \u00e9nergies, vivre en milieu rural peut rimer avec qualit\u00e9 de vie, services, convivialit\u00e9, entraide et solidarit\u00e9 plut\u00f4t qu\u2019avec difficult\u00e9s et isolement.&nbsp; &nbsp;<br>&nbsp;<br>Ainsi, l\u2019\u00c9picentre a d\u00e9montr\u00e9 que la disparition des commerces de proximit\u00e9 n\u2019\u00e9tait pas une fatalit\u00e9 mais plut\u00f4t un d\u00e9fi \u00e0 relever par les personnes concern\u00e9es, les forces vives, les associations et les pouvoirs publics.&nbsp;<br><br>Les solutions de transition pour les villages ruraux de demain sont aussi dans les mains de citoyen\u00b7\u00b7\u00b7\u2219nes au sein de coop\u00e9ratives qui visent le bien commun.&nbsp;<br><br>Le projet port\u00e9 par Chevratte etc., \u00e0 savoir la cr\u00e9ation d\u2019un&nbsp;d\u2019espace de convivialit\u00e9 ouvert \u00e0 tout un chacun, r\u00e9pond tout \u00e0 fait \u00e0 cette ambition.&nbsp;&nbsp;&nbsp;<br><br>Il n\u2019attend que votre participation\u202f!&nbsp;&nbsp;<\/p>\n\n\n<style>.kb-image364_8a7260-20.kb-image-is-ratio-size, .kb-image364_8a7260-20 .kb-image-is-ratio-size{max-width:712px;width:100%;}.wp-block-kadence-column > .kt-inside-inner-col > .kb-image364_8a7260-20.kb-image-is-ratio-size, .wp-block-kadence-column > .kt-inside-inner-col > .kb-image364_8a7260-20 .kb-image-is-ratio-size{align-self:unset;}.kb-image364_8a7260-20 figure{max-width:712px;}.kb-image364_8a7260-20 .image-is-svg, .kb-image364_8a7260-20 .image-is-svg img{width:100%;}.kb-image364_8a7260-20 .kb-image-has-overlay:after{opacity:0.3;}<\/style>\n<div class=\"wp-block-kadence-image kb-image364_8a7260-20\"><figure class=\"aligncenter size-large\"><img loading=\"lazy\" decoding=\"async\" width=\"1024\" height=\"324\" src=\"http:\/\/chevratte-etc.be\/wp-content\/uploads\/2024\/11\/personnages-1024x324.png\" alt=\"\" class=\"kb-img wp-image-667\" srcset=\"https:\/\/chevratte-etc.be\/wp-content\/uploads\/2024\/11\/personnages-1024x324.png 1024w, https:\/\/chevratte-etc.be\/wp-content\/uploads\/2024\/11\/personnages-300x95.png 300w, https:\/\/chevratte-etc.be\/wp-content\/uploads\/2024\/11\/personnages-768x243.png 768w, https:\/\/chevratte-etc.be\/wp-content\/uploads\/2024\/11\/personnages.png 1200w\" sizes=\"auto, (max-width: 1024px) 100vw, 1024px\" \/><\/figure><\/div>\n","protected":false},"excerpt":{"rendered":"<p>Chevratte etc. est ouverte \u00e0 toute personne ou toute association qui adh\u00e8re aux finalit\u00e9s et aux valeurs de la coop\u00e9rative.&nbsp; Les personnes qui participent \u00e0 Chevratte etc. pensent qu\u2019en conjuguant les \u00e9nergies, vivre en milieu rural peut rimer avec qualit\u00e9 de vie, services, convivialit\u00e9, entraide et solidarit\u00e9 plut\u00f4t qu\u2019avec difficult\u00e9s et isolement.&nbsp; &nbsp;&nbsp;Ainsi, l\u2019\u00c9picentre a&#8230;<\/p>\n","protected":false},"author":2,"featured_media":0,"parent":0,"menu_order":0,"comment_status":"closed","ping_status":"closed","template":"","meta":{"_kadence_starter_templates_imported_post":false,"_kad_post_transparent":"","_kad_post_title":"","_kad_post_layout":"normal","_kad_post_sidebar_id":"","_kad_post_content_style":"","_kad_post_vertical_padding":"","_kad_post_feature":"","_kad_post_feature_position":"","_kad_post_header":false,"_kad_post_footer":false,"_kad_post_classname":"","footnotes":""},"class_list":["post-364","page","type-page","status-publish","hentry"],"_links":{"self":[{"href":"https:\/\/chevratte-etc.be\/index.php\/wp-json\/wp\/v2\/pages\/364","targetHints":{"allow":["GET"]}}],"collection":[{"href":"https:\/\/chevratte-etc.be\/index.php\/wp-json\/wp\/v2\/pages"}],"about":[{"href":"https:\/\/chevratte-etc.be\/index.php\/wp-json\/wp\/v2\/types\/page"}],"author":[{"embeddable":true,"href":"https:\/\/chevratte-etc.be\/index.php\/wp-json\/wp\/v2\/users\/2"}],"replies":[{"embeddable":true,"href":"https:\/\/chevratte-etc.be\/index.php\/wp-json\/wp\/v2\/comments?post=364"}],"version-history":[{"count":13,"href":"https:\/\/chevratte-etc.be\/index.php\/wp-json\/wp\/v2\/pages\/364\/revisions"}],"predecessor-version":[{"id":708,"href":"https:\/\/chevratte-etc.be\/index.php\/wp-json\/wp\/v2\/pages\/364\/revisions\/708"}],"wp:attachment":[{"href":"https:\/\/chevratte-etc.be\/index.php\/wp-json\/wp\/v2\/media?parent=364"}],"curies":[{"name":"wp","href":"https:\/\/api.w.org\/{rel}","templated":true}]}}

Les coopérateur∙rices

<style>.wp-block-kadence-spacer.kt-block-spacer-364_e6d844-eb .kt-block-spacer{height:100px;}.wp-block-kadence-spacer.kt-block-spacer-364_e6d844-eb .kt-divider{border-top-width:1px;height:1px;border-top-color:#eee;width:80%;border-top-style:solid;}</style>
<div class="wp-block-kadence-spacer aligncenter kt-block-spacer-364_e6d844-eb"><div class="kt-block-spacer kt-block-spacer-halign-center"><hr class="kt-divider"/></div></div>



<div class="wp-block-cover alignfull is-light" style="min-height:275px;aspect-ratio:unset;"><span aria-hidden="true" class="wp-block-cover__background has-background-dim" style="background-color:#9d7c57"></span><img loading="lazy" decoding="async" width="1800" height="481" class="wp-block-cover__image-background wp-image-581" alt="" src="https://chevratte-etc.be/wp-content/uploads/2024/11/banniereQSN.jpg" data-object-fit="cover" srcset="https://chevratte-etc.be/wp-content/uploads/2024/11/banniereQSN.jpg 1800w, https://chevratte-etc.be/wp-content/uploads/2024/11/banniereQSN-300x80.jpg 300w, https://chevratte-etc.be/wp-content/uploads/2024/11/banniereQSN-1024x274.jpg 1024w, https://chevratte-etc.be/wp-content/uploads/2024/11/banniereQSN-768x205.jpg 768w, https://chevratte-etc.be/wp-content/uploads/2024/11/banniereQSN-1536x410.jpg 1536w" sizes="auto, (max-width: 1800px) 100vw, 1800px" /><div class="wp-block-cover__inner-container is-layout-constrained wp-block-cover-is-layout-constrained">
<p class="has-text-align-center has-theme-palette-9-color has-text-color has-link-color has-large-font-size wp-elements-e7544792191795b73159471a08b2b286">Les coopérateur-rices</p>
</div></div>


<style>.wp-block-kadence-spacer.kt-block-spacer-364_5086a1-d2 .kt-block-spacer{height:50px;}.wp-block-kadence-spacer.kt-block-spacer-364_5086a1-d2 .kt-divider{border-top-width:1px;height:1px;border-top-color:#eee;width:80%;border-top-style:solid;}</style>
<div class="wp-block-kadence-spacer aligncenter kt-block-spacer-364_5086a1-d2"><div class="kt-block-spacer kt-block-spacer-halign-center"><hr class="kt-divider"/></div></div>


<style>.wp-block-kadence-advancedheading.kt-adv-heading364_8a1dbc-59, .wp-block-kadence-advancedheading.kt-adv-heading364_8a1dbc-59[data-kb-block="kb-adv-heading364_8a1dbc-59"]{font-style:normal;}.wp-block-kadence-advancedheading.kt-adv-heading364_8a1dbc-59 mark.kt-highlight, .wp-block-kadence-advancedheading.kt-adv-heading364_8a1dbc-59[data-kb-block="kb-adv-heading364_8a1dbc-59"] mark.kt-highlight{font-style:normal;color:#f76a0c;-webkit-box-decoration-break:clone;box-decoration-break:clone;padding-top:0px;padding-right:0px;padding-bottom:0px;padding-left:0px;}.wp-block-kadence-advancedheading.kt-adv-heading364_8a1dbc-59 img.kb-inline-image, .wp-block-kadence-advancedheading.kt-adv-heading364_8a1dbc-59[data-kb-block="kb-adv-heading364_8a1dbc-59"] img.kb-inline-image{width:150px;vertical-align:baseline;}</style>
<p class="kt-adv-heading364_8a1dbc-59 wp-block-kadence-advancedheading" data-kb-block="kb-adv-heading364_8a1dbc-59">Chevratte etc. est ouverte à toute personne ou toute association qui adhère aux finalités et aux valeurs de la coopérative.&nbsp;<br><br>Les personnes qui participent à Chevratte etc. pensent qu’en conjuguant les énergies, vivre en milieu rural peut rimer avec qualité de vie, services, convivialité, entraide et solidarité plutôt qu’avec difficultés et isolement.&nbsp; &nbsp;<br>&nbsp;<br>Ainsi, l’Épicentre a démontré que la disparition des commerces de proximité n’était pas une fatalité mais plutôt un défi à relever par les personnes concernées, les forces vives, les associations et les pouvoirs publics.&nbsp;<br><br>Les solutions de transition pour les villages ruraux de demain sont aussi dans les mains de citoyen···∙nes au sein de coopératives qui visent le bien commun.&nbsp;<br><br>Le projet porté par Chevratte etc., à savoir la création d’un&nbsp;d’espace de convivialité ouvert à tout un chacun, répond tout à fait à cette ambition.&nbsp;&nbsp;&nbsp;<br><br>Il n’attend que votre participation !&nbsp;&nbsp;</p>


<style>.kb-image364_8a7260-20.kb-image-is-ratio-size, .kb-image364_8a7260-20 .kb-image-is-ratio-size{max-width:712px;width:100%;}.wp-block-kadence-column > .kt-inside-inner-col > .kb-image364_8a7260-20.kb-image-is-ratio-size, .wp-block-kadence-column > .kt-inside-inner-col > .kb-image364_8a7260-20 .kb-image-is-ratio-size{align-self:unset;}.kb-image364_8a7260-20 figure{max-width:712px;}.kb-image364_8a7260-20 .image-is-svg, .kb-image364_8a7260-20 .image-is-svg img{width:100%;}.kb-image364_8a7260-20 .kb-image-has-overlay:after{opacity:0.3;}</style>
<div class="wp-block-kadence-image kb-image364_8a7260-20"><figure class="aligncenter size-large"><img loading="lazy" decoding="async" width="1024" height="324" src="http://chevratte-etc.be/wp-content/uploads/2024/11/personnages-1024x324.png" alt="" class="kb-img wp-image-667" srcset="https://chevratte-etc.be/wp-content/uploads/2024/11/personnages-1024x324.png 1024w, https://chevratte-etc.be/wp-content/uploads/2024/11/personnages-300x95.png 300w, https://chevratte-etc.be/wp-content/uploads/2024/11/personnages-768x243.png 768w, https://chevratte-etc.be/wp-content/uploads/2024/11/personnages.png 1200w" sizes="auto, (max-width: 1024px) 100vw, 1024px" /></figure></div>

<p>Chevratte etc. est ouverte à toute personne ou toute association qui adhère aux finalités et aux valeurs de la coopérative.&nbsp; Les personnes qui participent à Chevratte etc. pensent qu’en conjuguant les énergies, vivre en milieu rural peut rimer avec qualité de vie, services, convivialité, entraide et solidarité plutôt qu’avec difficultés et isolement.&nbsp; &nbsp;&nbsp;Ainsi, l’Épicentre a&#8230;</p>
